 13 = -5*n, c*z = -5*n + 35. What is the highest common divisor of 185 and z?
5
Let g(y) = -28*y**2 - 7*y + 7. Let l be g(1). Let p = l + 46. What is the greatest common factor of 2 and p?
2
Let s = 148 - 146. Suppose s*a - 2*p = -3*p, -3 = 5*a + 4*p. Calculate the greatest common factor of a and 37.
1
Let u(t) = t**3 + 7*t**2 + 18*t + 52. Let l be u(-5). Suppose -4*d = 20, 8*k + 151 = l*k - 3*d. What is the greatest common factor of k and 2?
2
Suppose -64*y + 3095 + 2665 = 0. What is the highest common factor of y and 1665?
45
Let d(t) = -t**2 - 13*t - 7. Let j be d(-6). Let b = 54094 + -54059. What is the highest common divisor of b and j?
35
Let y be 7 + (-66)/9 - 16/6. Let v be 3 - 3 - (-243 - y)/2. Calculate the greatest common factor of v and 180.
60
Let t = 4582 + -4393. What is the greatest common divisor of t and 4410?
63
Let d(l) = -283*l + 1899. Let p be d(6). What is the highest common factor of p and 22847?
67
Suppose 4*l - 51 = -s, 5*l = -114*s + 109*s + 30. Suppose 3*d + 3*w = d + 33, 4*d - 21 = 3*w. Calculate the greatest common divisor of d and l.
3
Let s be (1 + -7)*406/(-28). Suppose 222 = 4*w - 1286. Calculate the greatest common factor of w and s.
29
Suppose 0 = 4*v - 8*v - 3*j + 622, -4*j + 8 = 0. Let k = 199 - v. Calculate the highest common factor of 360 and k.
45
Suppose 117*l - 111*l - 5724 = 0. What is the highest common divisor of l and 371?
53
Let b(m) = -22*m + 136. Let l be b(4). Let u be ((-282)/(-15) - -5) + (-2)/(-10). Calculate the highest common divisor of l and u.
24
Let r(k) = 459*k**2 - 6*k - 4. Let q be r(2). Calculate the greatest common factor of q and 78.
26
Suppose 4*y - o - 119 = -y, -3*y = o - 73. Let a(v) = -14*v + 718. Let s be a(29). What is the greatest common factor of s and y?
24
Let w = 10 - 39. Let u = w - -49. Suppose -11 + 3 = -2*q. Calculate the highest common divisor of u and q.
4
Let x(v) = 31119*v**3 - 2*v**2 + 42*v - 42. Let i be x(1). What is the highest common factor of i and 37?
37
Let d(p) = 41*p**2 - 5*p + 4. Let a be d(1). Suppose -44*f + 39*f = a. Let s be (-10)/(((-14)/84)/((-2)/f)). Calculate the highest common divisor of s and 3.
3
Suppose 2*d - 49 = 3*k, k - 84 = -2*d - 3*k. Suppose -i + 149 = d. Let j = -13 + i. What is the highest common factor of j and 26?
26
Let m = -28481 - -28547. Let f = 1 + 10. Calculate the highest common factor of m and f.
11
Let j be 29/58*(89 - -1). Let c = 307 + -277. What is the highest common divisor of j and c?
15
Let i(g) = g**3 - 142*g**2 - 588*g + 591. Let x be i(146). What is the greatest common divisor of x and 13160?
7
Let n(m) = -2*m**2 - 9*m - 6. Let z be n(-3). Suppose -3*w - 5*b + 532 = -235, 0 = z*w + 3*b - 777. Calculate the highest common divisor of 24 and w.
24
Let h be (-128)/224*(-42 + 0). Calculate the highest common divisor of h and 4296.
24
Suppose 0 = 22*l - 72*l + 153600. Calculate the highest common divisor of 72 and l.
24
Suppose 4*j = 33*l - 39*l + 1338, -1093 = -5*l + 4*j. What is the greatest common divisor of 923 and l?
13
Suppose -162*x + 519*x = 259896. What is the highest common divisor of 65 and x?
13
Let b = -95 + 96. Let o be 4/5*(-2 + 27/b). Let t = -5 + 13. Calculate the highest common divisor of o and t.
4
Suppose -13*m = -433 - 308. Suppose 0 = -62*p + m*p + 10. What is the highest common factor of p and 14?
2
Suppose 4*g - 33261 = -3*l, 4*l + l + 16637 = 2*g. Calculate the greatest common factor of 132 and g.
132
Let l be 2/3*(-7)/((-14)/48). Suppose -9*s + l*s = -665. Let f = 146 + s. Calculate the greatest common divisor of f and 68.
17
Let u(i) = -i**2 + 7*i + 7. Let q be u(-6). Let b = 163 + q. Let x = -77 + b. Calculate the greatest common factor of x and 15.
15
Let r = -373 + 561. Suppose -212 - r = -5*m. Let f = m - 59. Calculate the greatest common divisor of 189 and f.
21
Suppose -1050 = -5*l - 3*d, -228 = 99*l - 100*l + 3*d. Calculate the highest common factor of 2059 and l.
71
Let n be ((-588)/48)/((-2)/120) + 3. What is the highest common factor of n and 18?
18
Let l(t) = 6*t**3 + 2*t**2 - 2*t - 3. Let z be l(4). Suppose 46*s + 179 - 286 = 583. What is the greatest common factor of s and z?
15
Let t = -6 + 15. Let y be (-3)/((-15)/1465) - (-9 - 11)/(-4). What is the highest common factor of y and t?
9
Suppose 70*c - 2490 = 65*c. Suppose -32*k + c = -750. What is the greatest common factor of 143 and k?
13
Suppose -3*n + 5*y - 41 = 0, 2*y = 3 + 5. Let v(m) = m - 11. Let f be v(n). Let i = 24 + f. Calculate the greatest common divisor of 6 and i.
6
Let z(i) = -i**2 - 35*i - 5. Let f be z(-10). Let v = f + -223. Calculate the greatest common divisor of 55 and v.
11
Let w be 8 - (-17)/(136/(-960)). Let q = -84 - w. Calculate the highest common factor of 658 and q.
14
Let d(j) = -5*j - 1. Let l(o) = -5*o - 1. Let w(q) = 3*d(q) - 2*l(q). Let c be w(-9). Calculate the highest common divisor of 11 and c.
11
Suppose 2*n - 5*u = -3*n + 115, -10 = 5*u. Suppose n*b = 16*b + 45. Suppose b*a - 2*a = 21. Calculate the greatest common divisor of a and 6.
3
Let l = -8 + 129. Let i = -11 - -19. Suppose -55 = 3*f - i*f. Calculate the greatest common factor of f and l.
11
Suppose n = -4*t - 41 + 118, -5*n = -25. Let q be (6 - (-60)/(-9))*(-81)/1. What is the highest common divisor of q and t?
18
Let p be (-882)/(-70)*20/6. Let k(b) = 10*b - 98. Let d be k(14). Suppose -d = -9*o + 6*o. What is the greatest common divisor of o and p?
14
Suppose 4*q + 69 = 137. Let n be (-94)/(-4) + (q/2)/17. Calculate the greatest common factor of n and 56.
8
Let v be 1435/1*7 - (-18 - (4 - 15)). Calculate the greatest common factor of 42 and v.
14
Suppose 2*m - 3*d - 183 = -m, m + 4*d - 81 = 0. What is the greatest common factor of 1625 and m?
65
Let s(o) = -o**3 - 4*o**2 + 12*o + 10. Let j be s(-8). Suppose 4*z - 11 = 29. What is the greatest common factor of j and z?
10
Let p(g) = -7*g**3 - 124*g**2 - 239*g + 49. Let t be p(-17). Calculate the greatest common factor of t and 6477.
381
Suppose 55*p - 8 = 267. Suppose -2*d + 46 - 16 = 4*f, -p*d = -4*f + 37. Suppose -2*g = 25 - 121. Calculate the highest common divisor of f and g.
8
Let i = -5246 - -5250. Suppose 4*y - 30 = -5*x, -3*y + 7 = x - 2*y. What is the greatest common divisor of x and i?
2
Suppose -371 = -2*c - m + 24, 5*m + 995 = 5*c. Calculate the highest common factor of 286 and c.
22
Let a(y) = y**2 - 12*y - 5. Let r be a(17). Let k be (-32)/r - (-1474)/10. Calculate the highest common divisor of k and 21.
21
Let z = 800 - 803. Let b be ((-152)/(-3) - 4)/((-2)/z). Let t(o) = 2*o**2 + 5*o - 2. Let h be t(-4). What is the highest common divisor of h and b?
10
Let h(x) = x - 7. Let l be h(7). Suppose -2*u - u - 3*a + 267 = l, -351 = -4*u - 3*a. Let c be (47/5 + -9)*70. What is the highest common factor of u and c?
28
Let y be ((-2815)/10 - 5)*-2. Let x = -420 + y. What is the greatest common divisor of 51 and x?
51
Suppose -5*d + 2*m + 14 + 58 = 0, -4*d + 3*m + 52 = 0. Let j be (630/40)/(6/d). Calculate the highest common factor of 15 and j.
3
Suppose -3*v + 50 = -u, v + 7 = 3*u + 29. Suppose -4*b = 4*a - 0 - v, 52 = 4*a - 5*b. Calculate the greatest common factor of 20 and a.
4
Let m(i) = -i**3 + 22*i**2 + 43*i + 80. Suppose 0 = -7*p + 269 - 108. Let h be m(p). Calculate the greatest common factor of 20 and h.
20
Let o be (-2*13/6)/((-137)/16029). Calculate the greatest common divisor of 351 and o.
39
Suppose -5*n - 526 = -21*n - 318. Let c = -604 + 1241. What is the greatest common factor of n and c?
13
Let w(g) = 3*g**2 - 17*g + 64. Let l be w(11). Calculate the highest common divisor of 368 and l.
16
Suppose -k - 36 = -39. Suppose 4*h + 5*v - 2*v = 315, 3*h - v - 220 = 0. Calculate the greatest common divisor of h and k.
3
Let j(x) = -2*x**3 + 2*x**2 + 4*x + 1. Let s be j(-2). Suppose 3*v = -k + 111, -52 = -2*v + k + s. What is the highest common factor of v and 54?
18
Suppose 5*i = 5*k + 430, 3*i + 4*k - 353 = -102. Calculate the greatest common divisor of i and 1921.
17
Let z = 252704 + -252669. Let i be 57 - -1*2/(-2). What is the greatest common divisor of z and i?
7
Suppose -121*d = 4*v - 119*d - 101160, -4*d - 50580 = -2*v. What is the highest common factor of 90 and v?
90
Let a be 4/(-14) + 3349/(-714)*-12. Calculate the highest common factor of a and 13